e the highest common factor of 28 and z.
7
Let c = 2416 + -1170. Let g = c + -942. What is the highest common factor of 38 and g?
38
Let c = -3 + -1. Let b be (19/(-4) + 3)*c. Suppose 224 = -3*p + b*p. What is the highest common divisor of 14 and p?
14
Let c be -1*6 - (-910 - -41). Let d = 929 - c. Calculate the greatest common factor of 187 and d.
11
Suppose 0 = -123*k + 126*k - 3*c - 24, -c = -2*k + 14. Suppose -4*z = s - 58, -4*s = -5*z - 2 - 335. Calculate the greatest common factor of k and s.
6
Suppose -32*n = -33*n + 1, -4*i + 3*n + 485 = 0. Calculate the greatest common factor of i and 122.
122
Let s = 277 - 52. Let x = 429 - s. Suppose 5*q + 0 - x = 2*u, -2*q + 3*u + 86 = 0. What is the greatest common factor of 320 and q?
40
Let u(w) = 58*w - 80. Let o be u(2). Suppose 30*s + 90 = o*s. Calculate the highest common divisor of 375 and s.
15
Let d be 8/(-20) - (-386)/(-10). Let v be (-9)/2*56/72*-6. Let b be 208/d*v/(-2). Calculate the highest common factor of 14 and b.
14
Let l be -2*(81/6)/(-9). Suppose 4*v + 5*c - 55 = 2*v, -l*v + 4*c = -94. Suppose 11*r = 17*r - 120. What is the greatest common factor of v and r?
10
Let f(p) be the third derivative of p**5/20 + p**4/24 - 62*p**3/3 + 45*p**2. Let o be f(12). Calculate the highest common divisor of o and 10.
10
Suppose -r - 4 - 3 = 0, 2*k - 3*r = 4217. What is the greatest common divisor of k and 2?
2
Suppose 70*g = -123 + 543. What is the greatest common factor of g and 2922?
6
Suppose -7*n + 390 = -5*n. Let g = 2391 + -2313. Calculate the greatest common factor of n and g.
39
Suppose -2*h = -17*h + 150. Let g = 3 - -267. What is the highest common divisor of h and g?
10
Let v be 135/4 + 2/8. Let d = v - -2. Suppose -2*x - 5*p = -d, 3*x = 3*p - 7*p + 54. Calculate the greatest common divisor of x and 144.
18
Suppose 17*l + 6850 = 27*l. Let s = l - -11. What is the highest common divisor of s and 87?
87
Suppose 0 = -20*l + 18*l + 42. Suppose -5*n + l + 39 = 0. Calculate the highest common factor of n and 42.
6
Let s be ((-90)/(-4))/((-3)/(-4)). Let h = s - -106. Suppose -4*z + 43 = 3*w, 66 = 4*w - 0*w + z. What is the highest common factor of h and w?
17
Let l = 11437 - 7182. What is the greatest common divisor of l and 111?
37
Let r be 21/(3/4*2). Suppose -2*x - 58 = -2*b, -8*x = -3*b - 12*x + 80. What is the greatest common divisor of b and r?
14
Let r(p) = 95*p + 180. Let m be r(-6). Let j = 408 + m. What is the highest common factor of 198 and j?
18
Let j = -162 - -148. Let o be (j - -9 - 193)*-1*1. What is the highest common divisor of o and 18?
18
Suppose 70*z = -184*z + 4412 + 414. Calculate the greatest common divisor of z and 6517.
19
Suppose 21*r + 417 = 5*w + 25*r, 2*r = -w + 81. Calculate the highest common divisor of 5 and w.
5
Let f be 2 - 5 - 0 - 101. Let a be (-650)/f - (-3)/4. Calculate the greatest common divisor of a and 1.
1
Let o be 410954/50 + -4 + 10/(-125). Calculate the greatest common factor of o and 93.
31
Let w(z) = -20*z + 1983. Let o be w(92). What is the highest common divisor of o and 2981?
11
Let y be (665/(-25))/((7 + 256/(-40))/(-3)). Suppose 9*o = -2*u + 4*o + 53, 5*o = 15. Calculate the greatest common factor of y and u.
19
Let c be 1340/35 + 14/(-49). Let b(n) = 2*n**3 - 8*n**2 - 3*n - 12. Let x be b(6). What is the greatest common divisor of c and x?
38
Suppose 5*h - 87 - 83 = 0. Let y(c) = -4134*c + 25348. Let i be y(6). Calculate the greatest common divisor of h and i.
34
Let d(m) = m**3 + 35*m**2 + 132*m + 353. Let j be d(-31). What is the greatest common divisor of j and 16485?
105
Let g = 5216 + -4908. Calculate the greatest common divisor of 252 and g.
28
Suppose 9*l + 3*f = 5*l + 481, -3*l - 2*f + 362 = 0. Let i = l + 2. What is the highest common divisor of 9 and i?
9
Let w(l) = 11*l - 244. Let o be w(27). Let a = -15 + 68. What is the greatest common divisor of o and a?
53
Suppose 0 = -18*v + 17*v + 2*t + 10248, 10272 = v + 2*t. What is the highest common factor of v and 45?
45
Let d = -485 - -497. Suppose 0 = d*q - 157 - 95. Calculate the highest common divisor of 49 and q.
7
Suppose -2*m + 1854 = 4*g, 2*g = -37*m + 33*m + 3720. What is the highest common factor of 28 and m?
7
Suppose 140*d - 352 = 129*d. Suppose 2*j = -p + d, -4*j + p = 4*p - 60. Suppose -40 + 4 = -2*i. What is the greatest common divisor of i and j?
18
Suppose 17*a - 3532 = 4611. Let t = -449 + a. Calculate the greatest common factor of t and 80.
10
Let q(j) = j**2 - 30*j + 59. Let a be q(32). Let z = 125 - a. Suppose -z*m + u + 143 = 2*u, u = 3. What is the highest common divisor of 7 and m?
7
Suppose 3*z = -0*j - j + 15, z = 4. Suppose 498 = -3*t + 255. Let u be (-14)/175 - t/75. Calculate the highest common factor of u and j.
1
Let b be 46/18*(-150)/(-4) + 117/702. What is the greatest common factor of b and 1776?
48
Let p be 0 - 4 - (-34)/17 - -60. Calculate the greatest common divisor of p and 9686.
58
Let x = 6082 + -6067. What is the greatest common divisor of 1415 and x?
5
Suppose -55 = 41*q - 52*q. Suppose -6*u = -r - 11*u + 19, -4*r + 26 = -q*u. Calculate the highest common divisor of r and 21.
3
Suppose -5*i - 15033 + 2057 = -2*g, -g + 4*i + 6482 = 0. What is the greatest common factor of g and 36?
18
Suppose -8424 = -794*o + 781*o. Calculate the highest common divisor of o and 351.
27
Let t(c) = 14*c + 65. Let i be -5 + ((-21)/(-147) - 250/(-14)). Let x be t(i). What is the highest common divisor of x and 13?
13
Suppose g - 34 = -4*b, b + 4*g - 15 = 1. Let j(s) = -s**2 + 11*s - 1. Let a be j(b). What is the greatest common factor of a and 253?
23
Let r(k) = 5*k**2 + 9*k + 8. Let b be r(-1). Suppose -139 = -b*l - 103. Calculate the highest common factor of 30 and l.
3
Suppose 4*g + 3*u - 106 = 0, 5*g - 123 = 4*u - 3*u. Suppose -4*j + 3*s = -g - 69, -5*j + 119 = -3*s. What is the highest common divisor of j and 25?
25
Let w(g) = -27*g - 2. Let k be w(-1). Suppose -5*z + 5*a = -15, -7*z = -6*z - 5*a + 5. What is the greatest common factor of z and k?
5
Suppose y + a - 20 - 13 = 0, 126 = 4*y - 2*a. Let b(o) = -o + 17. Let t be b(12). Let c = -1 + t. Calculate the greatest common factor of c and y.
4
Let m = -5388 + 3228. Let p be (-2 + 24/15)/(16/m). Calculate the highest common divisor of 2 and p.
2
Let g = -498 - -502. Suppose 0 = -y + g*j + 18, -2*j - 3 + 33 = y. Let d be 1*(-2 + 3 - -38). What is the greatest common divisor of d and y?
13
Let x be (8/5)/(746/330105). Calculate the greatest common factor of x and 516.
12
Let u be (-856)/(-12)*(-3)/(-2). Suppose -u*b - 30 = -112*b. Suppose -b*p + 18 = -30. What is the highest common factor of 24 and p?
8
Let g(c) = c**2 - 17*c + 25. Let l be g(15). Suppose 32 + 4 = 4*q. Let t = q + l. What is the greatest common factor of 2 and t?
2
Suppose -10 - 142 = -8*y. Let g = -910 - -913. Calculate the highest common factor of y and g.
1
Suppose -5*q + 0*n + 2*n = -16, 2*n - 4 = 0. Suppose g - q*s - 71 = -3*s, -4*g - 2*s = -278. Calculate the highest common divisor of 20 and g.
10
Let q be (-3304)/(-182) + 2/(-13). Let r = 8 + -10. Let x be r*18*(-6)/q. What is the greatest common divisor of 60 and x?
12
Let a be 4*((-4)/(-10) + (-5782)/280). Let v = a - -96. What is the highest common factor of 6 and v?
3
Let s(h) = 6*h + 10. Let d be 1481/17 - 14/119. Let m = 92 - d. Let f be s(m). What is the greatest common divisor of f and 10?
10
Let w be 5/2*7/(175/20). Suppose 0 = 5*o - q - 37, 0 = -5*o + 4*q - w*q + 39. Let p be (76/(-6))/(o/(21/(-2))). What is the highest common factor of 171 and p?
19
Suppose 27*a + 35*a + 38 = 658. Calculate the highest common factor of a and 1210.
10
Let g be (17/51)/(1/(-153)). Let c = g - -58. Suppose 288 = 11*d - c*d. Calculate the highest common divisor of d and 16.
8
Let i be (33/(-9)*3)/((-2)/32). Let l = i - 156. Suppose 3*g + 50 = 4*g. What is the highest common divisor of g and l?
10
Suppose 4*s - 3*g - 2537 = 0, -4*g + 3*g + 1919 = 3*s. Let a = s + -308. What is the greatest common factor of a and 30?
30
Suppose 3*j + u - 29 = 0, -2*u - 13 = 4*j - 51. Let c be 2*(145/j - 1). Let l = 302 + -59. Calculate the highest common factor of l and c.
27
Suppose -11*i - 220 - 187 = 0. Suppose -5*w + 28 = -372. Let d = w + i. Calculate the highest common factor of 86 and d.
43
Let m = -